ate the remainder when 264 is divided by 90.
84
What is the remainder when 314 is divided by 113?
88
Calculate the remainder when 236 is divided by 33.
5
Calculate the remainder when 945 is divided by 86.
85
What is the remainder when 484 is divided by 97?
96
What is the remainder when 478 is divided by 45?
28
Calculate the remainder when 567 is divided by 71.
70
What is the remainder when 425 is divided by 50?
25
What is the remainder when 367 is divided by 37?
34
What is the remainder when 1973 is divided by 104?
101
Calculate the remainder when 746 is divided by 22.
20
What is the remainder when 694 is divided by 196?
106
Calculate the remainder when 2806 is divided by 18.
16
What is the remainder when 195 is divided by 18?
15
What is the remainder when 222 is divided by 12?
6
Calculate the remainder when 339 is divided by 57.
54
Calculate the remainder when 2298 is divided by 64.
58
Calculate the remainder when 4600 is divided by 57.
40
What is the remainder when 689 is divided by 340?
9
What is the remainder when 220 is divided by 28?
24
What is the remainder when 50 is divided by 17?
16
What is the remainder when 2081 is divided by 3?
2
What is the remainder when 33 is divided by 20?
13
Calculate the remainder when 10 is divided by 6.
4
Calculate the remainder when 374 is divided by 87.
26
What is the remainder when 1385 is divided by 87?
80
What is the remainder when 239 is divided by 16?
15
Calculate the remainder when 326 is divided by 47.
44
Calculate the remainder when 312 is divided by 62.
2
Calculate the remainder when 115 is divided by 15.
10
What is the remainder when 261 is divided by 14?
9
What is the remainder when 121 is divided by 43?
35
Calculate the remainder when 453 is divided by 68.
45
Calculate the remainder when 503 is divided by 251.
1
What is the remainder when 298 is divided by 176?
122
What is the remainder when 523 is divided by 6?
1
Calculate the remainder when 162 is divided by 82.
80
Calculate the remainder when 4118 is divided by 20.
18
Calculate the remainder when 15048 is divided by 215.
213
What is the remainder when 2874 is divided by 12?
6
Calculate the remainder when 89 is divided by 46.
43
Calculate the remainder when 8176 is divided by 327.
1
Calculate the remainder when 454 is divided by 13.
12
Calculate the remainder when 662 is divided by 83.
81
What is the remainder when 395 is divided by 65?
5
What is the remainder when 712 is divided by 233?
13
Calculate the remainder when 1427 is divided by 130.
127
Calculate the remainder when 26 is divided by 13.
0
Calculate the remainder when 525 is divided by 34.
15
Calculate the remainder when 53 is divided by 14.
11
What is the remainder when 169 is divided by 22?
15
Calculate the remainder when 1657 is divided by 798.
61
What is the remainder when 169 is divided by 29?
24
Calculate the remainder when 326 is divided by 6.
2
Calculate the remainder when 1010 is divided by 13.
9
What is the remainder when 376 is divided by 70?
26
What is the remainder when 715 is divided by 52?
39
Calculate the remainder when 292 is divided by 108.
76
Calculate the remainder when 63 is divided by 21.
0
What is the remainder when 303 is divided by 10?
3
What is the remainder when 2447 is divided by 12?
11
What is the remainder when 489 is divided by 11?
5
Calculate the remainder when 17848 is divided by 13.
12
Calculate the remainder when 95 is divided by 2.
1
What is the remainder when 671 is divided by 24?
23
Calculate the remainder when 1345 is divided by 125.
95
What is the remainder when 31247 is divided by 24?
23
What is the remainder when 131 is divided by 69?
62
What is the remainder when 351 is divided by 84?
15
Calculate the remainder when 1889 is divided by 27.
26
What is the remainder when 7019 is divided by 260?
259
Calculate the remainder when 101 is divided by 29.
14
What is the remainder when 142 is divided by 15?
7
What is the remainder when 383 is divided by 35?
33
Calculate the remainder when 1156 is divided by 61.
58
What is the remainder when 432 is divided by 25?
7
Calculate the remainder when 49 is divided by 21.
7
What is the remainder when 265 is divided by 34?
27
Calculate the remainder when 1069 is divided by 111.
70
Calculate the remainder when 10529 is divided by 162.
161
Calculate the remainder when 166 is divided by 24.
22
Calculate the remainder when 4959 is divided by 354.
3
What is the remainder when 7347 is divided by 7?
4
What is the remainder when 254 is divided by 224?
30
Calculate the remainder when 2848 is divided by 66.
10
Calculate the remainder when 8 is divided by 7.
1
What is the remainder when 314 is divided by 173?
141
What is the remainder when 510 is divided by 170?
0
Calculate the remainder when 923 is divided by 12.
11
Calculate the remainder when 3298 is divided by 127.
123
What is the remainder when 209 is divided by 66?
11
Calculate the remainder when 199 is divided by 85.
29
What is the remainder when 1340 is divided by 12?
8
Calculate the remainder when 1074 is divided by 286.
216
Calculate the remainder when 591 is divided by 22.
19
Calculate the remainder when 15348 is divided by 43.
40
Calculate the remainder when 942 is divided by 9.
6
What is the remainder when 89 is divided by 47?
42
What is the remainder when 288 is divided by 112?
64
What is the remainder when 535 is divided by 8?
7
What is the remainder when 356 is divided by 19?
14
What is the remainder when 737 is divided by 364?
9
What is the remainder when 505 is divided by 245?
15
What is the remainder when 57 is divided by 11?
2
What is the remainder when 228 is divided by 33?
30
Calculate the remainder when 445 is divided by 50.
45
Calculate the remainder when 39 is divided by 16.
7
Calculate the remainder when 135 is divided by 13.
5
Calculate the remainder when 143 is divided by 12.
11
Calculate the remainder when 481 is divided by 94.
11
What is the remainder when 1346 is divided by 45?
41
Calculate the remainder when 514 is divided by 171.
1
What is the remainder when 81 is divided by 30?
21
What is the remainder when 307 is divided by 77?
76
What is the remainder when 120 is divided by 9?
3
Calculate the remainder when 617 is divided by 37.
25
Calculate the remainder when 152 is divided by 22.
20
What is the remainder when 288 is divided by 96?
0
Calculate the remainder when 663 is divided by 108.
15
Calculate the remainder when 114 is divided by 66.
48
Calculate the remainder when 299 is divided by 73.
7
Calculate the remainder when 2397 is divided by 795.
12
Calculate the remainder when 3512 is divided by 37.
34
Calculate the remainder when 704 is divided by 176.
0
What is the remainder when 963 is divided by 61?
48
Calculate the remainder when 160 is divided by 144.
16
What is the remainder when 141 is divided by 6?
3
What is the remainder when 49 is divided by 2?
1
What is the remainder when 397 is divided by 38?
17
Calculate the remainder when 1722 is divided by 365.
262
What is the remainder when 328 is divided by 55?
53
What is the remainder when 295 is divided by 62?
47
What is the remainder when 613 is divided by 302?
9
Calculate the remainder when 174 is divided by 59.
56
Calculate the remainder when 1670 is divided by 1650.
20
Calculate the remainder when 438 is divided by 76.
58
Calculate the remainder when 39 is divided by 39.
0
What is the remainder when 1105 is divided by 65?
0
Calculate the remainder when 117 is divided by 36.
9
Calculate the remainder when 336 is divided by 12.
0
What is the remainder when 4342 is divided by 1447?
1
What is the remainder when 226 is divided by 11?
6
What is the remainder when 54 is divided by 6?
0
Calculate the remainder when 253 is divided by 24.
13
Calculate the remainder when 248 is divided by 14.
10
What is the remainder when 84 is divided by 19?
8
Calculate the remainder when 117 is divided by 15.
12
What is the remainder when 108 is divided by 11?
9
Calculate the remainder when 181 is divided by 11.
5
Calculate the remainder when 720 is divided by 184.
168
Calculate the remainder when 478 is divided by 80.
78
Calculate the remainder when 526 is divided by 12.
10
What is the remainder when 539 is divided by 164?
47
What is the remainder when 305 is divided by 15?
5
Calculate the remainder